{"id":1046,"date":"2013-09-15T16:16:15","date_gmt":"2013-09-15T14:16:15","guid":{"rendered":"http:\/\/zahraowens.com\/?page_id=1046"},"modified":"2022-08-30T14:13:51","modified_gmt":"2022-08-30T12:13:51","slug":"diplomacy-translated","status":"publish","type":"page","link":"https:\/\/zahraowens.com\/?page_id=1046","title":{"rendered":"Diplomacy Translated"},"content":{"rendered":"<p><a name=\"DipSP\"><\/a><\/p>\n<h3>Diplomacy Spanish<\/h3>\n<p><img loading=\"lazy\" decoding=\"async\" class=\"alignleft size-thumbnail wp-image-1036\" src=\"https:\/\/zahraowens.com\/wp-content\/uploads\/2013\/09\/Diplomacy-SP-LG-100x150.jpg\" alt=\"Diplomacy-SP-LG\" width=\"100\" height=\"150\" srcset=\"https:\/\/zahraowens.com\/wp-content\/uploads\/2013\/09\/Diplomacy-SP-LG-100x150.jpg 100w, https:\/\/zahraowens.com\/wp-content\/uploads\/2013\/09\/Diplomacy-SP-LG-200x300.jpg 200w, https:\/\/zahraowens.com\/wp-content\/uploads\/2013\/09\/Diplomacy-SP-LG-266x400.jpg 266w, https:\/\/zahraowens.com\/wp-content\/uploads\/2013\/09\/Diplomacy-SP-LG-140x210.jpg 140w, https:\/\/zahraowens.com\/wp-content\/uploads\/2013\/09\/Diplomacy-SP-LG.jpg 400w\" sizes=\"auto, (max-width: 100px) 100vw, 100px\" \/>Jack Christensen tiene todo lo que pod\u00eda desear. Es uno de los m\u00e1s destacados diplom\u00e1ticos de los Estados Unidos, y el hombre m\u00e1s joven que jam\u00e1s hab\u00eda sido postulado como embajador. Tiene una carrera que acaba de ponerse pol\u00edticamente interesante con su asignaci\u00f3n a una embajada en Europa, la mujer perfecta, habla cinco idiomas y tiene las credenciales adecuadas, aunque le falta algo y no sabe exactamente qu\u00e9 es.<\/p>\n<p>Entonces Lucas Carlton entra en una recepci\u00f3n que ofrece la embajada y se presenta junto con su prometida americana. Desde el primer apret\u00f3n de manos, el joven brit\u00e1nico causa tal impresi\u00f3n en Jack que lo deja confuso e inusualmente inseguro. La posici\u00f3n de Lucas como enlace de la embajada brit\u00e1nica y americana, hace que se vean forzados a trabajar muy de cerca, y lo pasan mal intentando negar su mutua atracci\u00f3n.<\/p>\n<p>Cuando sus mujeres deciden irse durante un fin de semana, Jack y Lucas comienzan una apasionada relaci\u00f3n, que continuar\u00e1 despu\u00e9s de que sus parejas vuelvan. Sin embargo, los c\u00edrculos diplom\u00e1ticos son extremadamente conservadores, y ambos saben que la mujer correcta a su lado es una significativa contribuci\u00f3n para su \u00e9xito. \u00bfSer\u00e1n capaces de tomar las decisiones adecuadas para sus vidas profesionales y privadas? \u00bfO tendr\u00e1n que sacrificar una o la otra?<br \/>\n<em>(Translation by Saura Garcia)<\/em><br \/>\nBuy it at <a href=\"https:\/\/www.dreamspinnerpress.com\/books\/diplomacia-by-zahra-owens-2685-b\" target=\"_blank\" rel=\"noopener\"><strong>Dreamspinner Press<\/strong><\/a><\/p>\n<p><a name=\"DipIT\"><\/a><\/p>\n<h3>Diplomacy Italian<\/h3>\n<p><img loading=\"lazy\" decoding=\"async\" class=\"alignright size-thumbnail wp-image-1035\" src=\"https:\/\/zahraowens.com\/wp-content\/uploads\/2013\/09\/Diplomacy-IT-LG-100x150.jpg\" alt=\"Diplomacy-IT-LG\" width=\"100\" height=\"150\" srcset=\"https:\/\/zahraowens.com\/wp-content\/uploads\/2013\/09\/Diplomacy-IT-LG-100x150.jpg 100w, https:\/\/zahraowens.com\/wp-content\/uploads\/2013\/09\/Diplomacy-IT-LG-200x300.jpg 200w, https:\/\/zahraowens.com\/wp-content\/uploads\/2013\/09\/Diplomacy-IT-LG-266x400.jpg 266w, https:\/\/zahraowens.com\/wp-content\/uploads\/2013\/09\/Diplomacy-IT-LG-140x210.jpg 140w, https:\/\/zahraowens.com\/wp-content\/uploads\/2013\/09\/Diplomacy-IT-LG.jpg 400w\" sizes=\"auto, (max-width: 100px) 100vw, 100px\" \/>Jack Christensen ha tutto quello che ha sempre desiderato. \u00c8 una stella nascente della diplomazia statunitense, l\u2019uomo pi\u00f9 giovane a essere stato nominato Ambasciatore degli USA. Diplomatico di carriera appena inviato in un\u2019Ambasciata politicamente interessante in Europa, ha una moglie perfetta, parla cinque lingue e ha tutte le credenziali giuste, eppure manca qualcosa nella sua vita e non sa cosa sia.<\/p>\n<p>Poi Lucas Carlton si presenta con la fidanzata americana a un ricevimento all\u2019Ambasciata. Dalla prima stretta di mano, il giovanotto produce su Jack un\u2019impressione che lo lascia confuso e stranamente insicuro. La posizione di Lucas come collegamento britannico all\u2019Ambasciata americana significa che devono lavorare a stretto contatto e i due uomini hanno difficolt\u00e0 a negare l\u2019attrazione reciproca, nonostante le loro attuali relazioni.<\/p>\n<p>Quando le loro donne decidono di partire insieme per un weekend, Jack e Lucas iniziano un\u2019appassionata relazione che continua dopo il ritorno delle loro compagne. Gli ambienti diplomatici sono per\u00f2 notoriamente conservatori ed entrambi sanno che la donna giusta al loro fianco pu\u00f2 contribuire notevolmente al loro successo. Saranno in grado di fare la scelta giusta nelle loro vite professionali e personali? O dovranno sacrificare l\u2019una per l\u2019altra?<br \/>\n<em>(Translated by Rossella Fortuna)<\/em><br \/>\nBuy it at <a href=\"https:\/\/www.dreamspinnerpress.com\/books\/diplomazia-by-zahra-owens-124-b\" target=\"_blank\" rel=\"noopener\"><strong>Dreamspinner Press<\/strong><\/a><\/p>\n<p><a name=\"DipFR\"><\/a><\/p>\n<h3>Diplomacy French<\/h3>\n<p><img loading=\"lazy\" decoding=\"async\" class=\"alignleft size-thumbnail wp-image-1034\" src=\"https:\/\/zahraowens.com\/wp-content\/uploads\/2013\/09\/Diplomacy-FR-LG-100x150.jpg\" alt=\"Diplomacy-FR-LG\" width=\"100\" height=\"150\" srcset=\"https:\/\/zahraowens.com\/wp-content\/uploads\/2013\/09\/Diplomacy-FR-LG-100x150.jpg 100w, https:\/\/zahraowens.com\/wp-content\/uploads\/2013\/09\/Diplomacy-FR-LG-200x300.jpg 200w, https:\/\/zahraowens.com\/wp-content\/uploads\/2013\/09\/Diplomacy-FR-LG-266x400.jpg 266w, https:\/\/zahraowens.com\/wp-content\/uploads\/2013\/09\/Diplomacy-FR-LG-140x210.jpg 140w, https:\/\/zahraowens.com\/wp-content\/uploads\/2013\/09\/Diplomacy-FR-LG.jpg 400w\" sizes=\"auto, (max-width: 100px) 100vw, 100px\" \/>Jack Christensen poss\u00e8de tout ce dont il a toujours r\u00eav\u00e9. \u00c9toile montante de la diplomatie am\u00e9ricaine, il est le plus jeune diplomate \u00e0 avoir obtenu un poste d\u2019Ambassadeur des \u00c9tats-Unis. En tant qu\u2019homme d\u2019\u00c9tat, il est affect\u00e9 \u00e0 l\u2019une des Ambassades d\u2019Europe les plus enrichissantes au niveau politique. Il est mari\u00e9 \u00e0 une femme parfaite, parle cinq langues et ses qualifications ne montrent aucun d\u00e9faut. Et pourtant, quelque chose lui manque dans la vie sans qu\u2019il ne sache quoi.<\/p>\n<p>Arrive alors Lucas Carlton lors d\u2019une r\u00e9ception \u00e0 l\u2019Ambassade, accompagn\u00e9 de sa fianc\u00e9e am\u00e9ricaine. D\u00e8s leur premi\u00e8re poign\u00e9e de main, le jeune Britannique fait forte impression \u00e0 Jack qui se retrouve alors confus et pour la premi\u00e8re fois incertain. Lucas est l\u2019agent de liaison entre l\u2019Ambassade britannique et l\u2019Ambassade am\u00e9ricaine, ce qui veut dire qu\u2019ils devront travailler en \u00e9troite collaboration. Nier leur attirance mutuelle est alors bien plus difficile, malgr\u00e9 le fait qu\u2019ils soient d\u00e9j\u00e0 tous deux engag\u00e9s dans une relation.<\/p>\n<p>Quand leurs femmes d\u00e9cident d\u2019aller en week-end ensemble, Jack et Lucas commencent une liaison passionn\u00e9e, qui continue apr\u00e8s le retour de celles-ci. Mais il est de notori\u00e9t\u00e9 publique que le cercle diplomatique est des plus conservateurs, et ils savent tous deux qu\u2019avoir une femme \u00e0 leur c\u00f4t\u00e9 est essentiel \u00e0 leur carri\u00e8re. Seront-ils capables de faire les bons choix, pour leur vie professionnelle et leur vie priv\u00e9e ? Ou devront-ils sacrifier l\u2019une des deux ?<br \/>\n<em>(Translated by Cassie Black)<\/em><br \/>\nBuy it at <a href=\"https:\/\/www.dreamspinnerpress.com\/books\/zahra-owens-500-a\" target=\"_blank\" rel=\"noopener\"><strong>Dreamspinner Press<\/strong><\/a><\/p>\n<p><a name=\"DipGE\"><\/a><\/p>\n<h3>Diplomacy German<\/h3>\n<p><img loading=\"lazy\" decoding=\"async\" class=\"alignright size-thumbnail wp-image-1037\" src=\"https:\/\/zahraowens.com\/wp-content\/uploads\/2013\/09\/DiplomacyDELG-100x150.jpg\" alt=\"DiplomacyDELG\" width=\"100\" height=\"150\" srcset=\"https:\/\/zahraowens.com\/wp-content\/uploads\/2013\/09\/DiplomacyDELG-100x150.jpg 100w, https:\/\/zahraowens.com\/wp-content\/uploads\/2013\/09\/DiplomacyDELG-200x300.jpg 200w, https:\/\/zahraowens.com\/wp-content\/uploads\/2013\/09\/DiplomacyDELG-266x400.jpg 266w, https:\/\/zahraowens.com\/wp-content\/uploads\/2013\/09\/DiplomacyDELG-140x210.jpg 140w, https:\/\/zahraowens.com\/wp-content\/uploads\/2013\/09\/DiplomacyDELG.jpg 400w\" sizes=\"auto, (max-width: 100px) 100vw, 100px\" \/>Jack Christensen hat alles, was er sich nur w\u00fcnschen kann. Er ist ein aufstrebender US-amerikanischer Diplomat und der j\u00fcngste Mann, der je zum amerikanischen Botschafter ernannt wurde. Als Berufsdiplomat, der soeben zu einer aus politischer Sicht interessanten Botschaft in Europa entsandt wurde, hat er die perfekte Frau, spricht f\u00fcnf Sprachen und verf\u00fcgt \u00fcber alle n\u00f6tigen Qualifikationen. Und trotzdem scheint irgendetwas zu fehlen, auch wenn er nicht genau wei\u00df, was.<\/p>\n<p>Bis sich ihm bei einem Empfang in der Botschaft Lucas Carlton mit seiner amerikanischen Verlobten vorstellt. Vom ersten H\u00e4ndedruck an hinterl\u00e4sst der Brite bei Jack einen Eindruck, der ihn ungew\u00f6hnlich verwirrt und verunsichert. Lucas\u2018 Position als Verbindungsbeamter zwischen der amerikanischen und britischen Botschaft zwingt sie zu enger Zusammenarbeit, und bald k\u00f6nnen sie trotz ihrer Partnerinnen kaum noch abstreiten, wie sehr sie sich voneinander angezogen f\u00fchlen.<\/p>\n<p>Als die beiden Frauen einen gemeinsamen Wochenendausflug unternehmen, lassen sich Jack und Lucas auf eine leidenschaftliche Liebesbeziehung ein, die sie auch nach der R\u00fcckkehr ihrer Partnerinnen weiterf\u00fchren. Doch in konservativen Diplomatenkreisen macht die richtige Frau an ihrer Seite einen gro\u00dfen Teil des beruflichen Erfolges aus. Wird es ihnen gelingen, sowohl in ihrem Berufs- als auch in ihrem Privatleben die richtigen Entscheidungen zu treffen? Oder werden sie eines von beidem f\u00fcr das andere opfern m\u00fcssen?<br \/>\n<em>(Translated by Teresa Simons)<\/em><br \/>\nBuy it at <a href=\"https:\/\/www.dreamspinnerpress.com\/books\/diplomatische-beziehungen-by-zahra-owens-5980-b\" target=\"_blank\" rel=\"noopener\"><strong>Dreamspinner Press<\/strong><\/a><\/p>\n","protected":false},"excerpt":{"rendered":"<p>Diplomacy Spanish Jack Christensen tiene todo lo que pod\u00eda desear. Es uno de los m\u00e1s destacados diplom\u00e1ticos de los Estados Unidos, y el hombre m\u00e1s joven que jam\u00e1s hab\u00eda sido postulado como embajador. Tiene una carrera que acaba de ponerse pol\u00edticamente interesante con su asignaci\u00f3n a una embajada en Europa, la mujer perfecta, habla cinco&#8230;<\/p>\n","protected":false},"author":2,"featured_media":0,"parent":0,"menu_order":0,"comment_status":"open","ping_status":"open","template":"","meta":{"footnotes":""},"class_list":["post-1046","page","type-page","status-publish","hentry"],"_links":{"self":[{"href":"https:\/\/zahraowens.com\/index.php?rest_route=\/wp\/v2\/pages\/1046","targetHints":{"allow":["GET"]}}],"collection":[{"href":"https:\/\/zahraowens.com\/index.php?rest_route=\/wp\/v2\/pages"}],"about":[{"href":"https:\/\/zahraowens.com\/index.php?rest_route=\/wp\/v2\/types\/page"}],"author":[{"embeddable":true,"href":"https:\/\/zahraowens.com\/index.php?rest_route=\/wp\/v2\/users\/2"}],"replies":[{"embeddable":true,"href":"https:\/\/zahraowens.com\/index.php?rest_route=%2Fwp%2Fv2%2Fcomments&post=1046"}],"version-history":[{"count":5,"href":"https:\/\/zahraowens.com\/index.php?rest_route=\/wp\/v2\/pages\/1046\/revisions"}],"predecessor-version":[{"id":1278,"href":"https:\/\/zahraowens.com\/index.php?rest_route=\/wp\/v2\/pages\/1046\/revisions\/1278"}],"wp:attachment":[{"href":"https:\/\/zahraowens.com\/index.php?rest_route=%2Fwp%2Fv2%2Fmedia&parent=1046"}],"curies":[{"name":"wp","href":"https:\/\/api.w.org\/{rel}","templated":true}]}}